Let k be d(2). Let y = k + 18. Let i(j) = 9*j. Calculate the remainder when i(2) is divided by y.
8
Let k = -13 + 19. Let g = -337 - 32. Calculate the remainder when g/(-15) - k/(-15) is divided by 9.
7
Let f(q) = 35*q. Calculate the remainder when f(4) is divided by 48.
44
Suppose 3*c - 2*c - 7 = 0. Let i(o) = 3*o - 11. Calculate the remainder when i(12) is divided by c.
4
Let x(o) = 5*o**2 - 2*o - 39. What is the remainder when x(6) is divided by 22?
19
Let t(l) = 8*l - 60. Let i = 116 + -81. Calculate the remainder when i is divided by t(9).
11
Let g = 14 - 12. Suppose 0*c - 46 = -g*c. Calculate the remainder when c is divided by 12.
11
What is the remainder when 29 is divided by ((-64)/20)/4*-10?
5
Suppose 30 = -0*c - 5*c. Let i be 48 + -1 + 4 + c. Suppose i = 5*d - 0*d. What is the remainder when 25 is divided by d?
7
Let x be 22 - 1/(1/(-2)). Suppose s + 13 = -1. Let c = s + x. What is the remainder when 29 is divided by c?
9
Let f = -11 + 99. Suppose 0*o = -2*o - 72. Let j = f + o. Calculate the remainder when j is divided by 18.
16
Suppose -5*d + 60 = 5*d. Calculate the remainder when 15 is divided by d.
3
Let s = -27 + 65. Suppose 10 = -5*b + 4*h, 5*b + 4*h + 8 = b. Let x(g) = -11*g - 2. What is the remainder when s is divided by x(b)?
18
Let w(a) = -a**2 - a + 19. Suppose -2*g = -g + 4*n - 16, -5*g = 2*n - 8. Calculate the remainder when w(g) is divided by 10.
9
What is the remainder when 49 is divided by (-16 + -1)*(-4 + (3 - 0))?
15
Suppose 3*d - 46 = -0*d + k, 0 = 3*d - 4*k - 49. What is the remainder when d is divided by 9?
6
What is the remainder when 34 is divided by (-1)/(-8)*-2*-52 + -1?
10
Let l(f) = 4*f - 20. Calculate the remainder when 35 is divided by l(8).
11
Suppose u - 8 = -0*u. What is the remainder when 21 is divided by u?
5
Suppose 6 = -o - 4*n + 28, 5*o - 2*n = 132. Calculate the remainder when o is divided by 11.
4
Let w(z) = -z**2 + 7*z + 8. Suppose 0*q - 3*q - 224 = -4*b, -q = 5*b - 261. What is the remainder when b is divided by w(6)?
11
Suppose -4*n + 244 = -0*n. What is the remainder when n is divided by 31?
30
Let t be (1 + -2)*(-1 + 1). Let s = 25 - 16. What is the remainder when 8 is divided by t - 1/((-3)/s)?
2
Let f = 99 + -93. What is the remainder when 40 is divided by f?
4
Suppose -2*r = 2*r - 16. Let i = 0 - -15. What is the remainder when i is divided by r?
3
Calculate the remainder when 10 is divided by (-10)/(-15) + (-20)/(-6).
2
Suppose -p + 13 = -5. What is the remainder when 33 is divided by p?
15
Suppose -22 = 4*c - 86. Calculate the remainder when 61 is divided by c.
13
Suppose 3*z - 985 = -n, -5*z + 4*n + 1636 = -0*z. What is the remainder when z/10 - (-4)/20 is divided by 17?
16
Suppose 25 = 2*q + 1. Calculate the remainder when 45 is divided by q.
9
Let x = 6 + 2. Let k = -6 + 7. Let h(j) = 23*j**2 - 2*j + 1. Calculate the remainder when h(k) is divided by x.
6
Let a(y) = 2*y - 3*y + 5 + 3*y + 3*y**2 - 3. What is the remainder when a(3) is divided by 12?
11
Let z be 1/((-3)/6) - 1. Let c = z + 4. Suppose -3 = -2*p + c. Calculate the remainder when 2 is divided by p.
0
Let b(v) = v**2 + v - 5. Let x be b(5). Suppose -x = -10*j + 5*j, -3*w = -5*j - 125. Calculate the remainder when w is divided by 17.
16
Let x = 4 - 3. Let o = x - 0. What is the remainder when 1 is divided by o?
0
Suppose -4*l - 3*i + 48 = 0, -4*l + 0*l + 52 = 4*i. Calculate the remainder when (24 - 1) + (1 - -1) is divided by l.
7
Let h(a) = a**3 - 14*a**2 + 19*a + 3. What is the remainder when h(13) is divided by 21?
18
Suppose 0 = 5*v - 0*v. Let d = 1 + v. What is the remainder when 6 is divided by 3 - d*(-2 - -1)?
2
Suppose -2*m = -0*m - 110. Suppose 4*u + u = m. Calculate the remainder when 43 is divided by u.
10
Let b(k) = k**2 + 10*k - 9. Let l be b(-11). Suppose -2*f - l = -16. What is the remainder when f is divided by 3?
1
Let w(s) = 20*s - 1. Let a(k) = -3 + 3 - 3 - 4*k + 4. What is the remainder when w(1) is divided by a(-1)?
4
Let j be 2/3 - (-832)/12. Suppose 3*i = j + 17. What is the remainder when i is divided by 15?
14
Suppose -5*w + 0*w - 4*j + 24 = 0, 2*j = -w + 6. What is the remainder when 15 is divided by w?
3
Suppose 195 = -3*t - 2*t + 5*g, 177 = -5*t - g. Let p = -35 - t. Calculate the remainder when p is divided by 1*(-2)/(-2) - 0.
0
What is the remainder when 68 is divided by ((-40)/(-6))/(8/12)?
8
Let d = 4 + 3. Let t = 29 - 12. Let z = t - d. What is the remainder when 29 is divided by z?
9
Let f(w) = -4*w + 7. What is the remainder when f(-8) is divided by 21?
18
Suppose -3*v + 131 = 23. What is the remainder when 138 is divided by v?
30
Let k(a) = -a**3 + 9*a**2 + a - 6. Let u be k(9). Suppose 0 = u*q - 4*q + 1. What is the remainder when 1 is divided by q?
0
Suppose 3*x - 30 + 6 = 0. Suppose 0*u - 2*n + 13 = u, 0 = 4*u + 3*n - 27. Suppose -u = -m + 20. Calculate the remainder when m is divided by x.
7
Let u be 1/3 + (-3)/9. What is the remainder when 29 is divided by (u - 2) + (11 - -1)?
9
Let i = -28 - -64. Let d = i + -18. Let x = 33 + -23. Calculate the remainder when d is divided by x.
8
Let n(c) = -9*c - 1. Calculate the remainder when 75 is divided by n(-3).
23
Suppose 3*k - 5*j = 33, -4*k + 24 + 20 = 5*j. Calculate the remainder when 62 is divided by k.
7
Let l(x) = 8*x + 1. Calculate the remainder when 26 is divided by l(1).
8
Let t = 37 + -25. Calculate the remainder when 54 is divided by t.
6
What is the remainder when 29 is divided by 1*(-4 + 6) - -6?
5
Suppose 11 = 5*z + 36. Let f(h) = -h**3 + 6*h**2 - h + 8. Let m be f(6). What is the remainder when (z/15)/(m/(-42)) is divided by 4?
3
Suppose -69*x + 66*x + 105 = 0. What is the remainder when x is divided by 9?
8
Let s(d) = -d**2 - 6*d. Let m be s(-6). Suppose m = u - 36 + 9. Calculate the remainder when u is divided by 10.
7
Suppose -q = g + 4*g - 3, 2*q - 76 = 4*g. Suppose -l = -0*l - 1. What is the remainder when q is divided by (1*-1)/(l/(-15))?
13
Suppose -5*l + 36 + 34 = 0. Calculate the remainder when l is divided by 9.
5
Let s(t) = -18*t**3 + t**2 + t. Suppose 4*x + 1 = -3. Calculate the remainder when 53 is divided by s(x).
17
Let m = 211 + -150. Calculate the remainder when m is divided by 16.
13
Let i = 2 - 1. Suppose 11*x - 2 = 10*x. Suppose o + i = x. Calculate the remainder when o is divided by 1.
0
Let l = -37 + 59. Calculate the remainder when 255/11 + (-4)/l is divided by 8.
7
Suppose 12*t + 140 = 16*t. What is the remainder when t is divided by 3?
2
Let f = 164 - 152. What is the remainder when 177 is divided by f?
9
Let b = -74 + 92. Calculate the remainder when 195 is divided by b.
15
Suppose -60 = -8*o + 60. What is the remainder when 104 is divided by o?
14
Suppose -u = 11 - 16. Calculate the remainder when 22 is divided by u.
2
Suppose -288 = -5*a - 2*d, 0 = -a - 3*a - 3*d + 236. Suppose -5*q = -2*q - 57. Calculate the remainder when a is divided by q.
18
Let o(s) = -2*s - 10. Let v = -5 + 14. Suppose v = -2*d - 9. Calculate the remainder when 14 is divided by o(d).
6
Let s be 77/4 - (-15)/20. Let m = 5 + s. What is the remainder when m is divided by 9?
7
Let c(t) = -t**3 - 9*t**2 - 10*t - 5. Suppose 0 = -4*z - z + 105. Calculate the remainder when z is divided by c(-8).
10
Suppose 5 = n - 17. Calculate the remainder when (-3)/(12/(-256)) - -1 is divided by n.
21
Let y = -39 - 5. Let m = 64 + y. What is the remainder when m is divided by (7/3)/((-1)/(-3))?
6
Let b(c) = 2*c**2 + 1. Calculate the remainder when b(3) is divided by (0 - -1)*10 - 0.
9
Let q(c) = -9*c + 1. Let v(t) = -4*t + 1. Let j(x) = -6*q(x) + 13*v(x). What is the remainder when j(15) is divided by 8?
5
Suppose 2*h + 0*h = 4, 0 = -5*m + 2*h + 136. What is the remainder when 107 is divided by m?
23
Let y(x) = 7*x**2 - 7*x + 8. Calculate the remainder when y(4) is divided by 19.
16
Let r(x) = 57*x**2 - x + 2. Calculate the remainder when r(1) is divided by 12.
10
Let a(l) = -54*l. What is the remainder when a(-2) is divided by 37?
34
Let g = -10 - -16. Suppose 4*i - 9 = -4*z + 51, 2*z = i - g. What is the remainder when 22 is divided by i?
10
Suppose -5 - 45 = -5*x. Calculate the remainder when 18 is divided by x.
8
Suppose 4*t + t = 4*p - 55, -4*p - 4*t + 64 = 0. What is the remainder when 59 is divided by p?
14
Suppose 6*y - 85 = y. Let k